{"id":6204,"date":"2019-11-12T18:25:33","date_gmt":"2019-11-12T17:25:33","guid":{"rendered":"https:\/\/gerwin-wanting.com\/wedding\/?page_id=6204"},"modified":"2019-11-12T19:15:12","modified_gmt":"2019-11-12T18:15:12","slug":"unsere-geschichte","status":"publish","type":"page","link":"https:\/\/wanting-gerwin.com\/wedding\/de\/unsere-geschichte\/","title":{"rendered":"Unsere Geschichte"},"content":{"rendered":"<p>[vc_row full_width=&#8221;stretch_row&#8221; full_height=&#8221;yes&#8221; content_placement=&#8221;middle&#8221; bg_type=&#8221;image&#8221; parallax_style=&#8221;vcpb-default&#8221; bg_image_new=&#8221;id^5966|url^https:\/\/wanting-gerwin.com\/wedding\/wp-content\/uploads\/2019\/08\/IMG_1122.jpeg|caption^null|alt^null|title^IMG_1122|description^null&#8221; bg_image_repeat=&#8221;no-repeat&#8221; bg_img_attach=&#8221;fixed&#8221; enable_overlay=&#8221;enable_overlay_value&#8221; overlay_color=&#8221;rgba(0,0,0,0.32)&#8221;][vc_column][vc_custom_heading text=&#8221;UNSERE GESCHICHTE&#8221; font_container=&#8221;tag:h1|font_size:7rem|text_align:center|color:%23ffffff&#8221; google_fonts=&#8221;font_family:Raleway%3A100%2C200%2C300%2Cregular%2C500%2C600%2C700%2C800%2C900|font_style:400%20regular%3A400%3Anormal&#8221;][\/vc_column][\/vc_row][vc_row content_placement=&#8221;middle&#8221; css=&#8221;.vc_custom_1470667602481{padding-top: 150px !important;padding-bottom: 150px !important;}&#8221;][vc_column width=&#8221;1\/6&#8243;][\/vc_column][vc_column width=&#8221;2\/3&#8243;][vc_column_text css_animation=&#8221;bottom-to-top&#8221;]<\/p>\n<h1 style=\"text-align: center; margin-bottom: 1.5em;\">UNI GRAZ, DIE VERKUPPLERIN<\/h1>\n<p style=\"text-align: center;\">Wie wir uns zum ersten Mal getroffen haben<\/p>\n<p>Im Jahre 2015, als Wanting ihr Erasmus Semester von der Uni Bamberg an der Uni Graz machte, registrierte sich das (zuk\u00fcnftige) P\u00e4rchen f\u00fcr das TANDEM (Sprachlernpartnerschaft) Projekt.<\/p>\n<p>Die Universit\u00e4t fungierte als Verkuppler_in f\u00fcr dieses Chinesisch\/Deutsch sprechende P\u00e4rchen \u2013 und so ging ihr Schicksal dahin&#8230;<\/p>\n<p>Am 9. Oktober 2015 um 3 Uhr nachmittags trafen sie sich zum ersten Mal. F\u00fcr alle, die sich in Graz auskennen, beim runden GVB-Haus am Jakominiplatz sch\u00fcttelten sie ihre H\u00e4nde.<\/p>\n<p>Man kann nur sagen: &#8220;Danke Uni Graz!&#8221;[\/vc_column_text][\/vc_column][vc_column width=&#8221;1\/6&#8243;][\/vc_column][\/vc_row][vc_row full_width=&#8221;stretch_row&#8221; full_height=&#8221;yes&#8221; content_placement=&#8221;middle&#8221; bg_type=&#8221;image&#8221; parallax_style=&#8221;vcpb-default&#8221; bg_image_new=&#8221;id^5950|url^https:\/\/wanting-gerwin.com\/wedding\/wp-content\/uploads\/2019\/07\/IMG_4014-1.jpg|caption^null|alt^null|title^IMG_4014|description^null&#8221; bg_image_repeat=&#8221;no-repeat&#8221; bg_img_attach=&#8221;fixed&#8221;][vc_column][vc_custom_heading text=&#8221;PHOTO BOOK&#8221; font_container=&#8221;tag:h1|font_size:7rem|text_align:center|color:%23ffffff&#8221; google_fonts=&#8221;font_family:Raleway%3A100%2C200%2C300%2Cregular%2C500%2C600%2C700%2C800%2C900|font_style:400%20regular%3A400%3Anormal&#8221;][\/vc_column][\/vc_row][vc_row][vc_column][vc_masonry_media_grid element_width=&#8221;3&#8243; gap=&#8221;20&#8243; initial_loading_animation=&#8221;fadeIn&#8221; grid_id=&#8221;vc_gid:1573582425928-dbd7782cda7e08328185e742b9042c05-6&#8243; include=&#8221;5837,6016,6159,5836,6165,5988,5956,5955,5966,5962,5953,5950,6162,6164,6166&#8243; css=&#8221;.vc_custom_1572994335581{padding-top: 100px !important;padding-bottom: 100px !important;}&#8221;][\/vc_column][\/vc_row][vc_row full_width=&#8221;stretch_row&#8221; full_height=&#8221;yes&#8221; content_placement=&#8221;middle&#8221; disable_element=&#8221;yes&#8221; bg_type=&#8221;image&#8221; parallax_style=&#8221;vcpb-default&#8221; bg_image_repeat=&#8221;no-repeat&#8221; bg_img_attach=&#8221;fixed&#8221;][vc_column][vc_custom_heading text=&#8221;HE<br \/>\nPROPOSED&#8221; font_container=&#8221;tag:h1|font_size:7rem|text_align:center|color:%23ffffff&#8221; google_fonts=&#8221;font_family:Raleway%3A100%2C200%2C300%2Cregular%2C500%2C600%2C700%2C800%2C900|font_style:400%20regular%3A400%3Anormal&#8221;][\/vc_column][\/vc_row][vc_row full_width=&#8221;stretch_row&#8221; full_height=&#8221;yes&#8221; content_placement=&#8221;middle&#8221; disable_element=&#8221;yes&#8221; bg_type=&#8221;image&#8221; parallax_style=&#8221;vcpb-default&#8221; bg_image_repeat=&#8221;no-repeat&#8221; bg_img_attach=&#8221;fixed&#8221;][vc_column][vc_custom_heading text=&#8221;SHE SAID<br \/>\nYES&#8221; font_container=&#8221;tag:h1|font_size:7rem|text_align:center|color:%23ffffff&#8221; google_fonts=&#8221;font_family:Raleway%3A100%2C200%2C300%2Cregular%2C500%2C600%2C700%2C800%2C900|font_style:400%20regular%3A400%3Anormal&#8221;][\/vc_column][\/vc_row]<\/p>\n","protected":false},"excerpt":{"rendered":"<p class=\"card-text\">[vc_row full_width=&#8221;stretch_row&#8221; full_height=&#8221;yes&#8221; content_placement=&#8221;middle&#8221; bg_type=&#8221;image&#8221; parallax_style=&#8221;vcpb-default&#8221; bg_image_new=&#8221;id^5966|url^https:\/\/wanting-gerwin.com\/wedding\/wp-content\/uploads\/2019\/08\/IMG_1122.jpeg|caption^null|alt^null|title^IMG_1122|description^null&#8221; bg_image_repeat=&#8221;no-repeat&#8221; bg_img_attach=&#8221;fixed&#8221; enable_overlay=&#8221;enable_overlay_value&#8221; overlay_color=&#8221;rgba(0,0,0,0.32)&#8221;][vc_column][vc_custom_heading text=&#8221;UNSERE GESCHICHTE&#8221; font_container=&#8221;tag:h1|font_size:7rem|text_align:center|color:%23ffffff&#8221; google_fonts=&#8221;font_family:Raleway%3A100%2C200%2C300%2Cregular%2C500%2C600%2C700%2C800%2C900|font_style:400%20regular%3A400%3Anormal&#8221;][\/vc_column][\/vc_row][vc_row content_placement=&#8221;middle&#8221; css=&#8221;.vc_custom_1470667602481{padding-top: 150px !important;padding-bottom: 150px !important;}&#8221;][vc_column width=&#8221;1\/6&#8243;][\/vc_column][vc_column width=&#8221;2\/3&#8243;][vc_column_text css_animation=&#8221;bottom-to-top&#8221;] UNI GRAZ, DIE VERKUPPLERIN Wie wir uns zum ersten Mal getroffen haben Im Jahre 2015, als Wanting ihr Erasmus Semester von der Uni Bamberg an der Uni Graz machte, registrierte sich [&#8230;]<\/p>\n<p class=\"m-0\"><a class=\"btn btn-outline-secondary btn-read-more\" href=\"https:\/\/wanting-gerwin.com\/wedding\/de\/unsere-geschichte\/\">Read More<\/a><\/p>\n","protected":false},"author":1,"featured_media":0,"parent":0,"menu_order":0,"comment_status":"closed","ping_status":"closed","template":"","meta":{"footnotes":""},"class_list":["post-6204","page","type-page","status-publish","hentry"],"_links":{"self":[{"href":"https:\/\/wanting-gerwin.com\/wedding\/wp-json\/wp\/v2\/pages\/6204","targetHints":{"allow":["GET"]}}],"collection":[{"href":"https:\/\/wanting-gerwin.com\/wedding\/wp-json\/wp\/v2\/pages"}],"about":[{"href":"https:\/\/wanting-gerwin.com\/wedding\/wp-json\/wp\/v2\/types\/page"}],"author":[{"embeddable":true,"href":"https:\/\/wanting-gerwin.com\/wedding\/wp-json\/wp\/v2\/users\/1"}],"replies":[{"embeddable":true,"href":"https:\/\/wanting-gerwin.com\/wedding\/wp-json\/wp\/v2\/comments?post=6204"}],"version-history":[{"count":5,"href":"https:\/\/wanting-gerwin.com\/wedding\/wp-json\/wp\/v2\/pages\/6204\/revisions"}],"predecessor-version":[{"id":6220,"href":"https:\/\/wanting-gerwin.com\/wedding\/wp-json\/wp\/v2\/pages\/6204\/revisions\/6220"}],"wp:attachment":[{"href":"https:\/\/wanting-gerwin.com\/wedding\/wp-json\/wp\/v2\/media?parent=6204"}],"curies":[{"name":"wp","href":"https:\/\/api.w.org\/{rel}","templated":true}]}}

<p>[vc_row full_width=&#8221;stretch_row&#8221; full_height=&#8221;yes&#8221; content_placement=&#8221;middle&#8221; bg_type=&#8221;image&#8221; parallax_style=&#8221;vcpb-default&#8221; bg_image_new=&#8221;id^5966|url^https://wanting-gerwin.com/wedding/wp-content/uploads/2019/08/IMG_1122.jpeg|caption^null|alt^null|title^IMG_1122|description^null&#8221; bg_image_repeat=&#8221;no-repeat&#8221; bg_img_attach=&#8221;fixed&#8221; enable_overlay=&#8221;enable_overlay_value&#8221; overlay_color=&#8221;rgba(0,0,0,0.32)&#8221;][vc_column][vc_custom_heading text=&#8221;UNSERE GESCHICHTE&#8221; font_container=&#8221;tag:h1|font_size:7rem|text_align:center|color:%23ffffff&#8221; google_fonts=&#8221;font_family:Raleway%3A100%2C200%2C300%2Cregular%2C500%2C600%2C700%2C800%2C900|font_style:400%20regular%3A400%3Anormal&#8221;][/vc_column][/vc_row][vc_row content_placement=&#8221;middle&#8221; css=&#8221;.vc_custom_1470667602481{padding-top: 150px !important;padding-bottom: 150px !important;}&#8221;][vc_column width=&#8221;1/6&#8243;][/vc_column][vc_column width=&#8221;2/3&#8243;][vc_column_text css_animation=&#8221;bottom-to-top&#8221;]</p>
<h1 style="text-align: center; margin-bottom: 1.5em;">UNI GRAZ, DIE VERKUPPLERIN</h1>
<p style="text-align: center;">Wie wir uns zum ersten Mal getroffen haben</p>
<p>Im Jahre 2015, als Wanting ihr Erasmus Semester von der Uni Bamberg an der Uni Graz machte, registrierte sich das (zukünftige) Pärchen für das TANDEM (Sprachlernpartnerschaft) Projekt.</p>
<p>Die Universität fungierte als Verkuppler_in für dieses Chinesisch/Deutsch sprechende Pärchen – und so ging ihr Schicksal dahin&#8230;</p>
<p>Am 9. Oktober 2015 um 3 Uhr nachmittags trafen sie sich zum ersten Mal. Für alle, die sich in Graz auskennen, beim runden GVB-Haus am Jakominiplatz schüttelten sie ihre Hände.</p>
<p>Man kann nur sagen: &#8220;Danke Uni Graz!&#8221;[/vc_column_text][/vc_column][vc_column width=&#8221;1/6&#8243;][/vc_column][/vc_row][vc_row full_width=&#8221;stretch_row&#8221; full_height=&#8221;yes&#8221; content_placement=&#8221;middle&#8221; bg_type=&#8221;image&#8221; parallax_style=&#8221;vcpb-default&#8221; bg_image_new=&#8221;id^5950|url^https://wanting-gerwin.com/wedding/wp-content/uploads/2019/07/IMG_4014-1.jpg|caption^null|alt^null|title^IMG_4014|description^null&#8221; bg_image_repeat=&#8221;no-repeat&#8221; bg_img_attach=&#8221;fixed&#8221;][vc_column][vc_custom_heading text=&#8221;PHOTO BOOK&#8221; font_container=&#8221;tag:h1|font_size:7rem|text_align:center|color:%23ffffff&#8221; google_fonts=&#8221;font_family:Raleway%3A100%2C200%2C300%2Cregular%2C500%2C600%2C700%2C800%2C900|font_style:400%20regular%3A400%3Anormal&#8221;][/vc_column][/vc_row][vc_row][vc_column][vc_masonry_media_grid element_width=&#8221;3&#8243; gap=&#8221;20&#8243; initial_loading_animation=&#8221;fadeIn&#8221; grid_id=&#8221;vc_gid:1573582425928-dbd7782cda7e08328185e742b9042c05-6&#8243; include=&#8221;5837,6016,6159,5836,6165,5988,5956,5955,5966,5962,5953,5950,6162,6164,6166&#8243; css=&#8221;.vc_custom_1572994335581{padding-top: 100px !important;padding-bottom: 100px !important;}&#8221;][/vc_column][/vc_row][vc_row full_width=&#8221;stretch_row&#8221; full_height=&#8221;yes&#8221; content_placement=&#8221;middle&#8221; disable_element=&#8221;yes&#8221; bg_type=&#8221;image&#8221; parallax_style=&#8221;vcpb-default&#8221; bg_image_repeat=&#8221;no-repeat&#8221; bg_img_attach=&#8221;fixed&#8221;][vc_column][vc_custom_heading text=&#8221;HE<br />
PROPOSED&#8221; font_container=&#8221;tag:h1|font_size:7rem|text_align:center|color:%23ffffff&#8221; google_fonts=&#8221;font_family:Raleway%3A100%2C200%2C300%2Cregular%2C500%2C600%2C700%2C800%2C900|font_style:400%20regular%3A400%3Anormal&#8221;][/vc_column][/vc_row][vc_row full_width=&#8221;stretch_row&#8221; full_height=&#8221;yes&#8221; content_placement=&#8221;middle&#8221; disable_element=&#8221;yes&#8221; bg_type=&#8221;image&#8221; parallax_style=&#8221;vcpb-default&#8221; bg_image_repeat=&#8221;no-repeat&#8221; bg_img_attach=&#8221;fixed&#8221;][vc_column][vc_custom_heading text=&#8221;SHE SAID<br />
YES&#8221; font_container=&#8221;tag:h1|font_size:7rem|text_align:center|color:%23ffffff&#8221; google_fonts=&#8221;font_family:Raleway%3A100%2C200%2C300%2Cregular%2C500%2C600%2C700%2C800%2C900|font_style:400%20regular%3A400%3Anormal&#8221;][/vc_column][/vc_row]</p>
